digit of 469167415?
4
What is the hundred thousands digit of 1342726281?
7
What is the hundreds digit of 8331837551?
5
What is the hundred millions digit of 125575436?
1
What is the hundreds digit of 939800712?
7
What is the units digit of 3474119873?
3
What is the hundred thousands digit of 99183437?
1
What is the hundreds digit of 638273213?
2
What is the hundred millions digit of 291002514?
2
What is the tens digit of 3860081625?
2
What is the hundreds digit of 936430846?
8
What is the hundreds digit of 30269375?
3
What is the hundred millions digit of 3233631189?
2
What is the hundred thousands digit of 739457895?
4
What is the tens digit of 813484611?
1
What is the units digit of 5089749424?
4
What is the millions digit of 36800342?
6
What is the ten thousands digit of 41779503?
7
What is the thousands digit of 2662201624?
1
What is the thousands digit of 6454570837?
0
What is the units digit of 185793316?
6
What is the thousands digit of 685810388?
0
What is the thousands digit of 22943968?
3
What is the ten millions digit of 232102931?
3
What is the thousands digit of 764058087?
8
What is the thousands digit of 114067728?
7
What is the millions digit of 110716642?
0
What is the millions digit of 26232986?
6
What is the ten thousands digit of 5670200?
7
What is the tens digit of 427680995?
9
What is the hundred thousands digit of 157497001?
4
What is the hundreds digit of 992380204?
2
What is the units digit of 276015879?
9
What is the tens digit of 82719732?
3
What is the units digit of 1350640112?
2
What is the thousands digit of 64473942?
3
What is the thousands digit of 320446382?
6
What is the tens digit of 930563310?
1
What is the ten millions digit of 1036687008?
3
What is the ten millions digit of 211307201?
1
What is the ten millions digit of 72799818?
7
What is the thousands digit of 421396713?
6
What is the hundred thousands digit of 499148503?
1
What is the units digit of 828977502?
2
What is the tens digit of 4464335736?
3
What is the units digit of 31447115?
5
What is the millions digit of 859573327?
9
What is the tens digit of 1007114462?
6
What is the millions digit of 88030802?
8
What is the hundred thousands digit of 5349142973?
1
What is the millions digit of 1481161533?
1
What is the units digit of 1350374169?
9
What is the millions digit of 8522972282?
2
What is the thousands digit of 892417296?
7
What is the hundred millions digit of 721063091?
7
What is the hundreds digit of 108620381?
3
What is the units digit of 3729495?
5
What is the millions digit of 22461773?
2
What is the tens digit of 82276408?
0
What is the thousands digit of 303982023?
2
What is the hundreds digit of 351147654?
6
What is the hundred thousands digit of 1009752229?
7
What is the tens digit of 2404659?
5
What is the tens digit of 24057019?
1
What is the thousands digit of 201248138?
8
What is the tens digit of 6719361715?
1
What is the thousands digit of 980822123?
2
What is the thousands digit of 219309719?
9
What is the units digit of 550888132?
2
What is the hundred millions digit of 493467898?
4
What is the ten millions digit of 14556898?
1
What is the hundred millions digit of 181932315?
1
What is the hundred thousands digit of 56603972?
6
What is the hundred millions digit of 612296094?
6
What is the hundred thousands digit of 62469850?
4
What is the ten thousands digit of 2969009280?
0
What is the units digit of 79776717?
7
What is the ten millions digit of 159784886?
5
What is the billions digit of 4160546102?
4
What is the hundred thousands digit of 1376160700?
1
What is the billions digit of 3001597125?
3
What is the billions digit of 1122136592?
1
What is the hundred thousands digit of 1049224175?
2
What is the hundreds digit of 880783915?
9
What is the hundred thousands digit of 237962967?
9
What is the ten thousands digit of 8932345?
3
What is the ten thousands digit of 75298958?
9
What is the hundred thousands digit of 560087804?
0
What is the tens digit of 2343086625?
2
What is the hundred millions digit of 192793455?
1
What is the tens digit of 4752757?
5
What is the hundreds digit of 144832473?
4
What is the hundred millions digit of 143803535?
1
What is the millions digit of 21728975?
1
What is the tens digit of 424177539?
3
What is the hundreds digit of 86880601?
6
What is the millions digit of 2859061673?
9
What is the millions digit of 251686670?
1
What is the ten millions digit of 1276776976?
7
What is the ten millions digit of 1555689358?
5
What is the tens digit of 193982761?
6
What is the units digit of 2012313083?
3
What is the hundred thousands digit of 1679724040?
7
What is the thousands digit of 2030707051?
7
What is the tens digit of 1429024161?
6
What is the ten millions digit of 218556982?
1
What is the tens digit of 3663912050?
5
What is the billions digit of 6020450465?
6
What is the hundred millions digit of 160778458?
1
What is the tens digit of 18260931?
3
What is the ten thousands digit of 44814062?
1
What is the thousands digit of 670941065?
1
What is the hundred thousands digit of 21928191?
9
What is the millions digit of 320255076?
0
What is the ten millions digit of 134678131?
3
What is the hundred millions digit of 245238985?
2
What is the ten millions digit of 556078741?
5
What is the ten millions digit of 3511245031?
1
What is the thousands digit of 873877429?
7
What is the ten millions digit of 101697460?
0
What is the hundreds digit of 24346440?
4
What is the hundred thousands digit of 137897469?
8
What is the units digit of 67205144?
4
What is the ten thousands digit of 3245461119?
6
What is the millions digit of 489144940?
9
What is the hundred thousands digit of 190145756?
1
What is the ten millions digit of 7282427934?
8
What is the units digit of 307009418?
8
What is the ten thousands digit of 109461665?
6
What is the millions digit of 878993688?
8
What is the thousands digit of 631007184?
7
What is the thousands digit of 49935060?
5
What is the units digit of 659281172?
2
What is the millions digit of 93139388?
3
What is the ten thousands digit of 112246327?
4
What is the millions digit of 772700308?
2
What is the hundreds digit of 2906397877?
8
What is the thousands digit of 11631199?
1
What is the hundreds digit of 623151920?
9
What is the ten millions digit of 5819865184?
1
What is the units digit of 258303228?
8
What is the ten thousands digit of 1960665609?
6
What is the hundreds digit of 348249005?
0
What is the tens digit of 5523275?
7
What is the ten millions digit of 2169503348?
6
What is the hundreds digit of 234164387?
3
What is the millions digit of 108068699?
8
What is the units digit of 3807461?
1
What is the ten thousands digit of 237654988?
5
What is the ten millions digit of 1443265867?
4
What is the hundred thousands digit of 1815978522?
9
What is the tens digit of 61264870?
7
What is the hundred thousands digit of 78564360?
5
What is the thousands digit of 50345256?
5
What is the ten millions digit of 78423714?
7
What is the ten thousands digit of 131484429?
8
What is the thousands digit of 1333611472?
1
What is the hundred thousands digit of 2352602570?
6
What is the ten millions digit of 1410689917?
1
What is the tens digit of 590684702?
0
What is the hundreds digit of 654637234?
2
What is the millions digit of 611778959?
1
What is the units digit of 5274863875?
5
What is the hundred millions digit of 5395903337?
3
What is the ten thousands digit of 27224225?
2
What is the hundred thousands digit of 53074917?
0
What is the tens digit of 415445844?
4
What is the ten millions digit of 75405611?
7
What is the millions digit of 1542313935?
2
What is the units digit of 263764028?
8
What is the ten millions digit of 157122908?
5
What is the hundreds digit of 13091752?
7
What is the units digit of 508487106?
6
What is the ten thousands digit of 28928428?
2
What is the tens digit of 15058353?
5
What is the billions digit of 8486232842?
8
What is the millions digit of 28822255?
8
What is the ten thousands digit of 135411228?
1
What is the ten millions digit of 89376413?
8
What is the ten millions digit of 55822644?
5
What is the units digit of 57114738?
8
What is the thousands digit of 31885307?
5
What is the tens digit of 370989199?
9
What is the ten millions digit of 5572